e?
True
Let s = -29079 - -55216. Is s a composite number?
True
Suppose -166*s + 159*s - 70063 = 0. Is (-346)/(-173)*(s/(-2) - 1) a prime number?
True
Let j = 677 + 1445. Suppose -20*v + 22*v = j. Is v prime?
True
Suppose -51*y + 452522 + 1903528 = -1999911. Is y a composite number?
False
Let j = -12113 - -21520. Is j prime?
False
Let w be ((-10)/2)/5*(-2 - 202). Suppose -10*y + w = -686. Is y prime?
True
Let g = -21816 - -31997. Is g a composite number?
False
Suppose 15 = -3*a, 3729 = 5*p + a - 9766. Suppose p - 19430 = -7*c. Suppose -5*f - t = -c, -2420 = -5*f + 2*t + 3*t. Is f prime?
True
Suppose -2*f + 273712 + 29451 = m, 5*f - 757890 = m. Is f a prime number?
True
Suppose q + 4*l = 2*q - 12, -3*q - 2*l - 6 = 0. Let o be -7890*((-5)/1 + (q - -4)). Is -4 - (-52)/12 - o/(-9) prime?
True
Suppose -3*s + 234 = -6*s. Let x = 78 + s. Suppose x = 3*k - 2*r - 917, 4*k - 297 = 3*k + 5*r. Is k composite?
False
Suppose 3*n + 61 = 2*g + 883, -5*n = 2*g - 1370. Let s = 6429 - 6429. Suppose n = x + 2*t - 105, 3*x - 5*t - 1104 = s. Is x a composite number?
False
Let f(d) = -6*d**2 + 2*d + 3. Let o be f(-4). Let x = 401 - 561. Let q = o - x. Is q prime?
True
Let d(s) = -s**2 - 17*s + 3. Let u(r) be the second derivative of r**5/20 - 3*r**4/4 - 2*r**3 + 7*r**2/2 - 19*r. Let n be u(10). Is d(n) composite?
True
Let z(g) = 115*g**2 - 555*g + 69. Is z(98) a composite number?
False
Let s(n) = 9933*n - 1010. Is s(29) a prime number?
True
Suppose -187402 = -4*n - 103*p + 105*p, -n + 3*p + 46868 = 0. Is n a prime number?
False
Suppose z = -4*y + 437065, 8*y - 9*y + 109270 = -z. Is y prime?
True
Suppose 2*x - 115778 = -0*o - 4*o, -173673 = -3*x - 4*o. Is x a prime number?
False
Suppose 0 = -3*r + 2*r + 1671. Let k be 16/56 + 1 + r/7. Let w = k - 143. Is w composite?
False
Suppose 4*a = -d + 12372, 5*a - 3*d + 2*d - 15456 = 0. Let q = -1441 + a. Is q a prime number?
False
Let j(f) = f**2 + 17*f + 18. Let q be j(-16). Suppose -2*u + 12 = -4*y, -3*u = -q*u + 2. Is 263 + 3*y/3 a composite number?
True
Let d be 20/80 + (-2934)/(-8). Let r = d - -694. Is r prime?
True
Suppose -57474 = -2*p + 27640. Is p composite?
False
Let l = 131651 - -132072. Is l prime?
True
Suppose 3*g + 5*f - 2*f = 612, -3*f = 4*g - 820. Suppose -g*l = -200*l - 57896. Is l prime?
True
Suppose 0 = o - 42*h + 37*h - 164569, 4*h - 658276 = -4*o. Is o a prime number?
True
Let r = -59 + 61. Let b(v) = 491*v**2 - v + 7. Is b(r) a composite number?
True
Let v(k) = -9*k + 877. Let y(g) = g**3 + 2*g**2 + g. Let x be y(-1). Is v(x) composite?
False
Suppose 5*y + 2*x = 135141 - 11656, 2*x + 123465 = 5*y. Let u = y + -13865. Suppose -2*r - 4320 = -2*a, -r + u = a + 4*a. Is a prime?
False
Let z = 330 + -328. Suppose b - z*q - 1721 = 0, 6482 = 5*b - 3*q - 2088. Is b composite?
True
Let b(v) = 3548*v**2 + 2525*v + 12. Is b(-17) composite?
True
Let p = 84688 - -9183. Is p a composite number?
False
Suppose 5*f - 4*d + 18 = -2*d, 6 = -2*f + 2*d. Let x be -3 - 2544/(-3) - f. Suppose -3*l = 3*r - 2*l - 2521, 0 = r - 4*l - x. Is r prime?
False
Let y be 19/(-4)*-402 - 9/(-6). Suppose 3*z = -d + y + 4453, 0 = -3*z + 2*d + 6352. Suppose -9628 - z = -12*g. Is g a prime number?
False
Suppose 12*m + 93449 = 678005. Is m a prime number?
False
Suppose 9 = -3*g, -5*c - 3*g + 2 = 1. Suppose -1870 - 3572 = -3*p - c*f, 4*f - 12 = 0. Let a = -973 + p. Is a a prime number?
True
Let w = -12 - -19. Let m be 1 + 2826 + -1*(-4 + w). Let v = -1457 + m. Is v composite?
False
Let y = -878285 + 1300396. Is y a composite number?
False
Suppose 3*u = 5*u - 2*g - 20, u - 4*g - 19 = 0. Suppose 2*d = -u + 7. Is 672 - (d + -4)/4 composite?
False
Let o(a) = 45*a**3 - 23*a**3 + 4*a - 5*a**2 - 24*a**3 - 4. Is o(-7) a prime number?
True
Suppose 0 = 4*h + 92310 - 4202. Let y = 33890 + h. Is y a composite number?
False
Let k(i) = 9*i - 4*i**2 + 18*i**2 + 14 - i**3 + 28 + 5*i**2. Is k(15) a prime number?
False
Let a(p) = -2360*p + 38. Let j(c) = 1181*c - 19. Let y(x) = 3*a(x) + 5*j(x). Is y(-6) a prime number?
True
Suppose 0 = 3*a + 3*a - 12. Suppose a*y + 963 = -5*u, -3*y + 581 = -3*u - y. Let s = u + 356. Is s prime?
True
Suppose 18254467 = 175*m - 18670783 - 12910725. Is m a composite number?
False
Suppose -2*y + 2 = 0, -4497 = -t - y + 1711. Let o = 9250 - t. Is o composite?
True
Let d be -2 + (-1 - -1 - -6). Suppose -4*r - 4954 = -2*y, 0 = 2*y + r - d*r - 4949. Is y composite?
False
Let f be -398*3/(6/(-5)). Let t(n) = 40*n + 234. Let h be t(6). Let i = f - h. Is i a composite number?
False
Is ((-1250824)/24 + 17)/((-2)/3) composite?
True
Let i = 2 + 1. Let h(r) be the second derivative of 9*r**5 + 5*r**4/12 - 5*r**3/6 - r**2/2 + r + 380. Is h(i) a prime number?
True
Let z be 4/(-14) + (-200)/35 - -10. Suppose 3*d - 4*g = 48437, -6*d = -2*d - z*g - 64580. Is d a composite number?
True
Let r(s) = s**3 - 22*s**2 + 58*s - 2. Let c be r(19). Suppose -31685 = -c*n - 9976. Is n composite?
False
Let c = -7731 + -6974. Let n = c - -24766. Is n a prime number?
True
Let j(y) = 65*y**2 + 41*y + 25. Let g(k) = -2*k - 1. Let a(i) = -6*g(i) + j(i). Is a(16) a prime number?
True
Suppose 268*t = 3*f + 271*t - 983820, 5*t = 15. Is f composite?
True
Suppose 1022281 = 3*y - 2*u, 19*u + 681508 = 2*y + 24*u. Is y composite?
True
Let s be -98*(31/(-124) + (-170)/8). Suppose -s = -r + b - 4*b, 4*r + b = 8483. Is r a prime number?
False
Let o be ((-3)/6)/(17/68). Is (492201/(-51))/(3/o - 0) composite?
True
Suppose -3*m + 3*r + 958896 = 0, -1278549 = -4*m + 2*r - r. Is m composite?
False
Let b(q) be the first derivative of -q**4/4 + 7*q**3/3 + 7*q**2/2 + 10*q - 13. Let a be b(8). Is ((252 - -5) + -8)*a/2 a composite number?
True
Let w(x) = 238*x + 275. Suppose 3*v = 5*l + 118, 82 = -0*v + 2*v - 5*l. Is w(v) a composite number?
True
Suppose 20*c - 22*c = 250. Let d be (-3)/6 + (-1549)/(-2). Let j = c + d. Is j a prime number?
False
Let m(h) be the third derivative of 0*h - 18*h**2 + 0 + 4*h**3 - 65/24*h**4. Is m(-7) a prime number?
True
Let j(x) = -851*x**3 - 188*x**2 - 1949*x - 19. Is j(-11) composite?
False
Is -5 + (0 - 16/2) + 76470 prime?
False
Suppose -4*g = 4*x - 138372, 5*g = -x + g + 34599. Let p = x + -17532. Is p a prime number?
False
Let l(c) = 13721*c + 135. Is l(14) a composite number?
False
Suppose 4*s - 27*s - x + 3051989 = 0, s - 4*x = 132679. Is s a composite number?
True
Suppose 4*d + d + 3*x - 34978 = 0, -2*d = 5*x - 13995. Suppose -118*z - d = -123*z. Is z composite?
False
Let g(t) = t**3 + 6*t. Let b(p) = p. Let z(s) = -4*b(s) + g(s). Let x be z(0). Let u(m) = m**2 + 53. Is u(x) a prime number?
True
Let z(t) = -6*t**2 + 2*t + 6. Let c be z(-7). Let w = 1565 + c. Suppose -2*b + 4*b = i - w, -i = -5*b - 1269. Is i a composite number?
False
Let g(a) = a**3 - 6*a**2 - 15*a - 4. Let q be g(8). Let f(h) = 31*h**2 - 6*h - 6. Is f(q) a prime number?
False
Let n = 340630 - 147207. Is n prime?
True
Let i = 142658 + 150977. Is i composite?
True
Suppose 0 = -2*j + 2*c - c + 504, 0 = 4*j + 2*c - 1016. Let p = j + 883. Suppose -1620 - p = -4*y. Is y prime?
False
Suppose 0 = 46*y - 48*y + 34. Let j(a) = 47*a + 140. Is j(y) a prime number?
False
Is (-253 + -1)/(((-56)/149)/28) prime?
False
Suppose -n = 4*i - 704799, -5*n + 51*i + 3524075 = 55*i. Is n prime?
True
Suppose -10*x + 2106 = 2*o - 12*x, -4*x = -3*o + 3155. Suppose 3*a - o = 5465. Is a a prime number?
False
Let l = -543960 + 874907. Is l a composite number?
True
Suppose 82417902 + 50287444 = 94*y. Is y composite?
False
Let n(g) = -16*g - 7 - 13 + 0*g + 5*g**2 + 16*g**2. Let x be n(16). Suppose x = 5*w - 1705. Is w a prime number?
True
Let k = 149 - 149. Suppose i + 4702 - 25157 = k. Is i prime?
False
Let o(j) = 459*j**3 - 2*j**2 - 17*j + 16. Let x be o(7). Suppose 15*z - x = 3*z. Is z a prime number?
True
Suppose -4*u = -12, -3*o + 4*u = -73299 - 47166. Is o a composite number?
True
Let z = -70 + 31. Let n = z - -74. Is 1034*(n/(-10))/(-7) composite?
True
Let r(m) = 2461*m + 1. Let v = -21 + 22. Is r(v) prime?
False
Let r(a) = 2*a**3 - a**3 - 17*a**2 - 35 - 2*a + 0*a. Let j(q) = 11*q - 70. Let b be j(8). Is r(b) prime?
False
Let m = 494765 + -308854. Is m prime?
False
Let p be ((-1)/(-6))/(-3 + (-57)/(-18)). Suppose -2*m + 11 = p. Suppose x + 5908 = m*x. Is x a composite number?
True
Suppose -186*v + 178*v -